
False
Is 198 a multiple of 9?
True
Is 16 a factor of 490?
False
Is 120 a multiple of 6?
True
Is 1476 a multiple of 18?
True
Is 17 a factor of 994?
False
Is 32 a factor of 768?
True
Is 4 a factor of 436?
True
Does 9 divide 7527?
False
Is 377 a multiple of 8?
False
Does 9 divide 135?
True
Is 5913 a multiple of 146?
False
Is 20 a factor of 26640?
True
Does 11 divide 3813?
False
Is 25 a factor of 35775?
True
Is 761 even?
False
Is 45 a factor of 4365?
True
Is 38521 a multiple of 17?
False
Is 1850 a multiple of 37?
True
Does 28 divide 436?
False
Is 108 a multiple of 12?
True
Is 42624 a multiple of 384?
True
Is 18624 a multiple of 97?
True
Is 35 a factor of 8120?
True
Does 14 divide 238?
True
Does 142 divide 14048?
False
Is 12 a factor of 7946?
False
Does 7 divide 473?
False
Is 35 a factor of 193?
False
Does 58 divide 50978?
False
Is 603 a multiple of 22?
False
Does 8 divide 23752?
True
Is 1475 a multiple of 65?
False
Is 5616 a multiple of 13?
True
Is 21 a factor of 223?
False
Is 8 a factor of 1235?
False
Is 2528 a multiple of 9?
False
Is 21716 a multiple of 89?
True
Does 40 divide 1040?
True
Is 3892 a multiple of 14?
True
Does 112 divide 18144?
True
Does 8 divide 304?
True
Does 66 divide 1650?
True
Is 3015 a multiple of 67?
True
Does 16 divide 64?
True
Is 143 even?
False
Is 44280 a multiple of 36?
True
Is 57 a multiple of 3?
True
Is 6630 a multiple of 85?
True
Is 142 a factor of 17466?
True
Is 25 a factor of 312?
False
Is 156 a multiple of 13?
True
Does 29 divide 547?
False
Is 7 a factor of 25127?
False
Is 1557 a multiple of 29?
False
Is 15 a factor of 525?
True
Is 16680 a multiple of 60?
True
Is 35 a factor of 2135?
True
Does 43 divide 2279?
True
Does 12 divide 2208?
True
Does 7 divide 386?
False
Is 25 a factor of 1080?
False
Is 8 a factor of 176?
True
Is 55 a factor of 55?
True
Is 18963 a multiple of 21?
True
Does 101 divide 40602?
True
Is 35213 a multiple of 28?
False
Is 3459 a multiple of 3?
True
Does 22 divide 11185?
False
Is 6 a factor of 22726?
False
Is 13 a factor of 2067?
True
Does 18 divide 10559?
False
Is 2114 a multiple of 35?
False
Does 12 divide 516?
True
Is 652 a multiple of 24?
False
Does 56 divide 43360?
False
Does 19 divide 578?
False
Is 11 a factor of 601?
False
Is 23 a factor of 285?
False
Does 4 divide 114?
False
Is 34 a factor of 1378?
False
Is 57 a factor of 2622?
True
Does 12 divide 1848?
True
Is 49 a factor of 21021?
True
Is 10870 a multiple of 58?
False
Does 11 divide 6984?
False
Is 49 a factor of 3087?
True
Does 75 divide 16796?
False
Does 18 divide 378?
True
Is 37 a factor of 2773?
False
Does 51 divide 6171?
True
Is 18 a factor of 555?
False
Does 46 divide 184?
True
Is 14 a factor of 517?
False
Is 32 a factor of 5794?
False
Is 9 a factor of 235?
False
Is 1365 a multiple of 74?
False
Is 5 a factor of 1451?
False
Is 60 a factor of 24205?
False
Is 6 a factor of 8256?
True
Is 94721 a multiple of 109?
True
Does 6 divide 56454?
True
Is 3 a factor of 1765?
False
Is 6 a factor of 358?
False
Does 29 divide 1157?
False
Is 136 a factor of 42613?
False
Does 95 divide 35634?
False
Is 650 a multiple of 128?
False
Is 21 a factor of 6447?
True
Is 3744 a multiple of 24?
True
Is 43 a factor of 3268?
True
Is 193 a factor of 49215?
True
Does 6 divide 10278?
True
Does 34 divide 42024?
True
Is 20 a factor of 2007?
False
Does 12 divide 46320?
True
Does 18 divide 1381?
False
Is 1274 a multiple of 13?
True
Is 3460 a multiple of 60?
False
Does 22 divide 1516?
False
Is 8111 a multiple of 14?
False
Is 33 a factor of 3597?
True
Is 596 a multiple of 6?
False
Is 17 a factor of 5860?
False
Does 113 divide 9335?
False
Is 3624 a multiple of 24?
True
Is 611 a multiple of 13?
True
Does 13 divide 381?
False
Does 4 divide 19599?
False
Is 8 a factor of 16?
True
Is 21 a factor of 194?
False
Does 8 divide 7528?
True
Is 1197 a multiple of 19?
True
Is 56784 a multiple of 20?
False
Is 714 a multiple of 8?
False
Is 246 a multiple of 77?
False
Is 1204 a multiple of 14?
True
Is 1985 a multiple of 7?
False
Is 7 a factor of 42?
True
Is 16 a factor of 41440?
True
Is 1771 a multiple of 35?
False
Does 16 divide 4420?
False
Is 20 a factor of 12020?
True
Does 7 divide 3073?
True
Does 12 divide 876?
True
Is 16 a factor of 1312?
True
Is 33014 a multiple of 17?
True
Is 1744 a multiple of 109?
True
Is 14 a factor of 3731?
False
Is 32918 a multiple of 151?
True
Does 210 divide 9062?
False
Is 1215 a multiple of 15?
True
Is 20 a factor of 180?
True
Is 11 a factor of 1243?
True
Is 19 a factor of 1026?
True
Is 104 a factor of 2704?
True
Is 21 a factor of 35?
False
Is 70 a factor of 7119?
False
Does 34 divide 4896?
True
Is 272 a multiple of 3?
False
Does 8 divide 2976?
True
Is 54264 a multiple of 266?
True
Is 1982 a multiple of 16?
False
Is 3 a factor of 148?
False
Does 29 divide 1007?
False
Does 26 divide 130?
True
Is 18648 a multiple of 51?
False
Is 2638 a multiple of 12?
False
Does 58 divide 20955?
False
Is 4 a factor of 348?
True
Does 6 divide 678?
True
Does 15 divide 43?
False
Is 550 a multiple of 4?
False
Is 1404 a multiple of 39?
True
Is 27 a factor of 52527?
False
Is 1526 a multiple of 4?
False
Is 816 a multiple of 96?
False
Does 4 divide 24?
True
Is 41 a factor of 615?
True
Does 61 divide 37942?
True
Is 16 a factor of 1520?
True
Is 12 a factor of 1164?
True
Does 83 divide 5209?
False
Is 18369 a multiple of 13?
True
Does 6 divide 690?
True
Is 31 a factor of 1360?
False
Is 28 a factor of 424?
False
Does 10 divide 130?
True
Is 145 a factor of 5945?
True
Is 3 a factor of 330?
True
Does 20 divide 460?
True
Is 27 a factor of 66528?
True
Does 4 divide 300?
True
Is 14938 a multiple of 14?
True
Does 221 divide 22321?
True
Does 16 divide 35488?
True
Is 46 a factor of 2944?
True
Is 33046 a multiple of 20?
False
Is 53 a factor of 561?
False
Is 1363 a multiple of 57?
False
Is 9 a factor of 38394?
True
Does 67 divide 469?
True
Is 2536 a multiple of 27?
False
Is 11 a factor of 253?
True
Does 5 divide 7147?
False
Is 12592 a multiple of 16?
True
Is 22 a factor of 35860?
True
Is 198 a multiple of 3?
True
Does 5 divide 347?
False
Is 12 a factor of 1536?
True
Is 11 a factor of 42350?
True
Does 28 divide 189?
False
Is 43 a factor of 6458?
False
Is 46 a factor of 11408?
True
Is 170 a multiple of 6?
False
Is 1216 a multiple of 32?
True
Is 26 a factor of 3822?
True
Is 24 a factor of 2710?
False
Is 8 a factor of 1499?
False
Does 11 divide 36928?
False
Does 26 divide 27196?
True
Does 2 divide 737?
False
Is 12 a factor of 1800?
True
Does 8 divide 20328?
True
Does 95 divide 10925?
True
Is 5 a factor of 16435?
True
Is 6762 a multiple of 49?
True
Is 43 a factor of 1130?
False
Is 9262 a multiple of 26?
False
Does 305 divide 49499?
False
Is 202 a multiple of 3?
False
Is 2496 a multiple of 8?
True
Is 205 a multiple of 2?
False
Is 10 a factor of 580?
True
Is 40 a factor of 5280?
True
Is 76 a factor of 585?
False
Is 3 a factor of 585?
True
Is 13322 a multiple of 22?
False
Is 35 a multiple of 18?
False
Is 27 a factor of 297?
True
Is 67 a factor of 4355?
True
Does 118 divide 10027?
False
Is 5173 a multiple of 7?
True
Does 103 divide 3530?
False
Is 85997 a multiple of 15?
False
Is 40 a factor of 29597?
False
Is 2 a factor of 816?
True
Is 1038 a multiple of 96?
False
Is 28 a factor of 8428?
True
Is 2376 a multiple of 66?
True
Is 10 a factor of 350?
True
Is 102 a factor of 29530?
False
Is 82 a multiple of 3?
False
Is 11578 a multiple of 31?
False
Is 14 a factor of 518?
True
Does 55 divide 7040?
True
Is 34 a factor of 7177?
False
Is 23744 a multiple of 212?
True
Is 580 a multiple of 116?
True
Does 172 divide 3439?
False
Is 1106 a multiple of 10?
False
Does 17 divide 29666?
False
Is 210 a multiple of 42?
True
Does 57 divide 33915?
True
Is 1137 a multiple of 6?
False
Does 7 divide 4072?
False
Is 17 a factor of 408?
True
Is 49 a factor of 196?
True
Is 15 a factor of 6024?
False
Is 263 a factor of 30508?
True
Does 4 divide 25549?
False
Is 15 a factor of 224?
False
Does 12 divide 97?
False
Does 7 divide 87?
False
Is 11344 a multiple of 9?
False
Does 28 divide 1953?
False
Is 828 a multiple of 9?
True
Is 13485 a multiple of 93?
True
Is 62 a factor of 1178?
True
Is 61 a factor of 74651?
False
Is 14 a factor of 1417?
False
Is 943 a multiple of 23?
True
Does 11 divide 34474?
True
Is 109 a factor of 13394?
False
Is 21 a 